*n**2 - 3*n + 5. Let q be y(-4). Let a(x) = -2*x**3 + 2*x**3 - x**3 + 13*x**2 + q - 6*x**2. What is the units digit of a(7)?
1
Let q = -6 - -10. Suppose q = l - 0*l. What is the units digit of l?
4
Suppose -3*a - 5*o - 2 = 0, 3*o + 0 + 7 = 4*a. Let u be 24/(-30) + (-4)/(-5). Let h = u + a. What is the units digit of h?
1
Let q(y) = y**3 + 7*y**2 - 9*y. Suppose -2*d + 3*h - 5 = 14, 0 = h - 1. What is the units digit of q(d)?
8
Let y(c) = -c. Let g be y(5). Let u(o) = o**3 + 7*o**2 + 3*o + 8. What is the units digit of u(g)?
3
Suppose -5*c - 106 = -4*t, 4*t + 0*c + 3*c = 90. Suppose 0 = -v + t - 9. Suppose -5 + v = 2*a. What is the units digit of a?
5
Suppose 4*z + 7 = 5*z. What is the units digit of z?
7
Let k(o) = -4*o**2 + 0*o**3 + 0*o + o + 2 + o**3. Let j be k(4). Let w = j + -3. What is the units digit of w?
3
Let w = -34 + 85. Suppose -2*o = -5*j - 182 + w, o - 4*j - 73 = 0. What is the tens digit of o?
5
Suppose j - 1 = 3. Suppose j*f + 16 = 5*w + 2*f, 5*f - 6 = w. Suppose -i + 3*i - 1 = 5*n, 36 = 3*i + w*n. What is the units digit of i?
8
Suppose 305 = 5*r - 35. Suppose 5*m + 2 = 2*p - 2, 4*p + 5*m = r. What is the tens digit of p?
1
Suppose -4*r = -5*i - 30, 3*r - 4*i = 21 + 2. Suppose -4*b + 0*b + r*v = -48, -36 = -3*b - 3*v. What is the units digit of b?
2
Let k be (-44)/(-6)*(-18)/(-4). Suppose 3*f - 4*x - k = 0, 4*f - x = -0*f + 57. What is the tens digit of f?
1
Let c(o) be the first derivative of -11*o**2/2 + o - 1. Let y(u) = -2*u**3 - 16*u**2 - u - 9. Let f be y(-8). What is the tens digit of c(f)?
1
Suppose 2*z - 32 = -0*x + 2*x, -3*x - 62 = -4*z. What is the units digit of z/(-2)*18/(-21)?
6
Let g(r) be the second derivative of r**5/120 + r**4/12 + 2*r**3/3 + 3*r. Let q(k) be the second derivative of g(k). What is the units digit of q(6)?
8
Suppose 89 = -7*p + 593. What is the units digit of p?
2
Let y = -60 + 141. Suppose -177 = -6*w + y. What is the units digit of w?
3
Let k(y) = 23*y**3 - y**2 + y. What is the tens digit of k(1)?
2
Let x(d) = 2*d**2 - 8*d + 7. Let k be x(5). Let l = k + -1. What is the units digit of l?
6
Suppose -12*w + 18*w = 474. What is the tens digit of w?
7
Let t(r) = -r**2 + 8. Let c be t(-8). Let b = -25 - c. Suppose -2*x - b = -5*a, 3*x = -2*a - 11 + 31. What is the units digit of a?
7
Let k = -25 - -18. Let j(x) = 2*x - 7. Let n be j(k). Let g = -15 - n. What is the units digit of g?
6
What is the tens digit of ((-2)/6)/(4/(-324))?
2
Suppose 107 - 19 = 4*l. Let i(x) = x**2 - 11*x + 20. Let j be i(10). Let q = l - j. What is the tens digit of q?
1
Let h = 53 - -4. What is the tens digit of h?
5
Let s(p) = -p**2 + 5*p - 2. Let i be 0 - (2 + (2 - 9)). Let x be s(i). What is the units digit of x + 6/(-9)*-6?
2
Suppose -3*s - s = 8. Let p be 1 + -1 - s - -16. Suppose 0*z + 3*z = -4*x + 3, -5*z - p = -x. What is the units digit of x?
3
Suppose -3*x + 4*x = -3*q + 14, 0 = 5*q + 2*x - 22. Let u(k) = k**2 - 5*k + 4. Let c be u(6). Let f = c - q. What is the units digit of f?
4
Let w(c) = -c**3 + 5*c**2 - 4*c + 4. Let a = 34 + -18. Suppose -2*j = -4*z - a, -4*z - 26 = -5*j - z. What is the units digit of w(j)?
4
Suppose h = -z + 116, -z - 444 = -4*h - 0*z. What is the hundreds digit of h?
1
Let q be 5*1*(-6)/(-15). Let f(k) = k**3 + 5 - 2*k**2 + 14*k - 4*k**q - 13*k. What is the tens digit of f(6)?
1
Let y(w) = -45*w + 4. What is the hundreds digit of y(-3)?
1
Suppose 2*u + 5*f + 1 = -6, -5*f = u + 16. What is the units digit of u?
9
Let s = 184 + -111. Suppose 4*o = 8, -3*c + s = -2*o - 25. Suppose 3*i = c - 1. What is the units digit of i?
1
Suppose 178 + 38 = 9*w. What is the tens digit of w?
2
Let f(a) = -a**2 - 11*a - 2. Let v be f(-10). Let t(l) = -l + 1. Let m be t(v). Let q = m - -15. What is the units digit of q?
8
Let k be (-20)/(-6) + (-6)/(-9). Suppose -k*i = -67 - 17. What is the tens digit of i?
2
Suppose 0 = -6*b + 2*b + 28. Suppose -5*g = 3*w - 73, -65 = 2*g - b*g + 5*w. What is the tens digit of g?
1
Let m = -8 - -9. Suppose -2*b + 39 + m = 0. What is the units digit of b?
0
Let s be (-6)/((-7)/(-2) - 2). What is the tens digit of -2*(-13)/s*-2?
1
Suppose 5 = c + 6. Let p be ((-5)/10)/(c/2). Suppose 2*j = 15 - p. What is the units digit of j?
7
Suppose -6*z + 696 = -2*z. What is the hundreds digit of z?
1
Suppose -4*f - 2 = -14. Suppose 21 - 6 = f*m. What is the units digit of m?
5
Let l = -20 - -13. What is the units digit of (14/l)/(2/(-1))?
1
Let h(b) be the first derivative of b**4/4 + 8*b**3/3 + 3*b**2 + 9*b - 2. What is the tens digit of h(-7)?
1
Suppose -2*c - 5*l = -15, -4*c + 50 = -c + 2*l. What is the units digit of c?
0
Suppose -5*g = -9*g + 284. What is the tens digit of g?
7
What is the units digit of 2/(-4)*84/18*-6?
4
Let c(u) = 2*u**2 - 2. Let x be c(-2). Let n be 0*(-3)/(-9) + x. Suppose -n = -2*h + 2*k + 4, 0 = -4*h + 2*k + 12. What is the units digit of h?
1
Let w = 9 + 96. What is the units digit of w?
5
Suppose -3*x = 3*d - 234, 3*x - 3*d - 145 = 119. What is the tens digit of x?
8
Suppose 0 = c + 4*c - 50. What is the units digit of 10*-1*(-5)/c?
5
Let j be 4/(-3) - 1/(-3). Let m be ((-10)/8 - j)*-4. What is the tens digit of m/1 + (-3 - -19)?
1
Suppose 4*r + 4*d = 9*r - 395, -4*r - 5*d = -357. What is the units digit of r?
3
Let o(b) = -b**3 - 4*b**2 + 8*b - 4. Let r be o(-6). Let k = -8 + 8. Suppose k = -t - t + r. What is the tens digit of t?
1
Let q = 114 - 81. Let u = q + -13. What is the units digit of u?
0
Let o(q) = 5*q + 3. What is the tens digit of o(4)?
2
Let i(w) = w**3 - 6*w**2 - 8*w - 1. What is the tens digit of i(8)?
6
Let h be (2 - 1 - 1)/2. Suppose r - 14 = l, h = -l + 4*r - 5 - 18. Let u = l - -22. What is the tens digit of u?
1
Let r be (14/(-6))/((-2)/(-6)). Let u be (-46)/(-14) + 2/r. Suppose o = -o - 4*v - 4, 4*o - 12 = -u*v. What is the units digit of o?
6
Suppose -3*m + 4*o + 493 = -0*o, 4*m = -4*o + 676. What is the hundreds digit of m?
1
Let b(o) = o - 4. Let x be b(6). Let u = -2 + 2. Suppose u*s - 11 = -s + x*j, 19 = 5*s - j. What is the units digit of s?
3
Suppose -2*h + 66 = -h. What is the tens digit of h?
6
Let c(d) = -d**3 + 6*d**2 + 10. What is the units digit of c(4)?
2
Let x = 0 + 7. Suppose 2*v + x = 25. What is the units digit of v?
9
Let h be 4 + (0/3 - 4). What is the units digit of 2/(-2) + h - -4?
3
Let z = -8 + 13. Suppose -z*q + 2*q = -90. What is the units digit of q?
0
Suppose j = 0, r + j - 11 = -j. What is the units digit of r?
1
Suppose -7*r = 244 - 685. What is the tens digit of r?
6
Let j(w) be the first derivative of 3*w**2 - 4*w + 1 - 1/3*w**3. What is the units digit of j(3)?
5
Let o = 22 + 9. What is the units digit of o?
1
What is the units digit of 2*(287/(-2))/(-7)?
1
Suppose -3 + 15 = 4*a. Let n(p) = -p**3 - 4*p**2 - p - 5. Let y be n(-4). Let x = a + y. What is the units digit of x?
2
Suppose 2*k = 5 - 1. Suppose 5*q - 2*p - 42 = 46, 56 = 4*q + k*p. What is the tens digit of q?
1
Let u be -8*(2 + 2/(-4)). Let b = u - -23. What is the tens digit of b?
1
Suppose 0 = 3*n - 6 - 9. Suppose n*y = 4*y + 4. What is the units digit of ((-2)/y)/(2/(-36))?
9
Suppose -4*u + 9 = -u. What is the tens digit of -51*(16/6 - u)?
1
Suppose 11 = 2*y - 5*f, -4 = y + 5*f - 2. Let b = -3 + y. Suppose b = 6*c - 2*c - 32. What is the units digit of c?
8
Let t(m) = m**2 - 5*m + 2. Suppose 2*i + 10 = 4*i. What is the units digit of t(i)?
2
Let j(i) = -i**2 - 5*i + 6. Let s be j(-5). Let a(z) be the second derivative of z**3/6 + z**2/2 + 8*z. What is the units digit of a(s)?
7
Let k(p) = -p**2 + 4*p - 3. Let f(a) = a**2 - 4*a + 2. Let x(z) = -4*f(z) - 3*k(z). Let b be x(4). What is the units digit of 42/6 + 1/b?
8
Let x(o) = 5*o**2 + 3*o + 13. What is the tens digit of x(-3)?
4
Let o(s) = -s**2 + 5*s + 5. What is the units digit of o(4)?
9
Suppose -185 = -3*i - 2*i. What is the tens digit of i?
3
Suppose 8 = 5*g - 7. Suppose -g*v = -1 - 11. What is the units digit of v?
4
Let o be (-3 + 2)*(-4 + 2). Suppose 5*y - 99 = -4*h, 2*h + o*y = -y + 51. What is the tens digit of h?
2
Suppose 8 = 2*v - 14. Let h = 6 + v. What is the tens digit of h?
1
Let h(c) = c**3 - c**2 + c + 5. Let t be h(0). Let l(x) = x - 1 + 3 - 1. What is the units digit of l(t)?
6
Let o(m) = -3 + 4*m + 8 + m**3 - 6*m**2 + 2. Let n be o(5). What is the units digit 